{"id":191,"date":"2016-07-23T19:31:00","date_gmt":"2016-07-23T17:31:00","guid":{"rendered":"http:\/\/www.sonnenhof-gramais.at\/wordpress\/?page_id=191"},"modified":"2025-06-04T09:31:02","modified_gmt":"2025-06-04T07:31:02","slug":"unser-sonnenhof","status":"publish","type":"page","link":"https:\/\/www.sonnenhof-gramais.at\/wordpress\/?page_id=191","title":{"rendered":"Unser Sonnenhof"},"content":{"rendered":"<p>Das einzeln stehende wundersch\u00f6ne Bauernhaus steht inmitten einer urspr\u00fcnglichen Natur in Weiler Riefen kurz vor Gramais.<\/p>\n<h3><em><strong><span style=\"color: #ff6600;\">Unser Haus ist ein Nichtraucherhaus.<\/span><\/strong><\/em><\/h3>\n<p>Die zwei Ferienwohnungen sind f\u00fcr 4 bzw. 5 Personen geeignet.<\/p>\n<p>Beide Einheiten besitzen eine Dusche, WC, Zentralheizung, Farbfernseher und Internetzugang.<\/p>\n<blockquote><p>Der Balkon l\u00e4dt zum Morgenkaffee ein und erlaubt einen herrlichen Blick in den gepflegten Garten und die kleinste Gemeinde \u00d6sterreichs.<\/p><\/blockquote>\n\n\t\t<style type=\"text\/css\">\n\t\t\t#gallery-1 {\n\t\t\t\tmargin: auto;\n\t\t\t}\n\t\t\t#gallery-1 .gallery-item {\n\t\t\t\tfloat: left;\n\t\t\t\tmargin-top: 10px;\n\t\t\t\ttext-align: center;\n\t\t\t\twidth: 33%;\n\t\t\t}\n\t\t\t#gallery-1 img {\n\t\t\t\tborder: 2px solid #cfcfcf;\n\t\t\t}\n\t\t\t#gallery-1 .gallery-caption {\n\t\t\t\tmargin-left: 0;\n\t\t\t}\n\t\t\t\/* see gallery_shortcode() in wp-includes\/media.php *\/\n\t\t<\/style>\n\t\t<div id='gallery-1' class='gallery galleryid-191 gallery-columns-3 gallery-size-thumbnail'><dl class='gallery-item'>\n\t\t\t<dt class='gallery-icon landscape'>\n\t\t\t\t<a href='https:\/\/www.sonnenhof-gramais.at\/wordpress\/?attachment_id=400'><img loading=\"lazy\" decoding=\"async\" width=\"150\" height=\"150\" src=\"https:\/\/www.sonnenhof-gramais.at\/wordpress\/wp-content\/uploads\/2016\/07\/Haus_Willkommen-150x150.jpg\" class=\"attachment-thumbnail size-thumbnail\" alt=\"\" srcset=\"https:\/\/www.sonnenhof-gramais.at\/wordpress\/wp-content\/uploads\/2016\/07\/Haus_Willkommen-150x150.jpg 150w, https:\/\/www.sonnenhof-gramais.at\/wordpress\/wp-content\/uploads\/2016\/07\/Haus_Willkommen-100x100.jpg 100w, https:\/\/www.sonnenhof-gramais.at\/wordpress\/wp-content\/uploads\/2016\/07\/Haus_Willkommen-50x50.jpg 50w\" sizes=\"auto, (max-width: 150px) 100vw, 150px\" \/><\/a>\n\t\t\t<\/dt><\/dl><dl class='gallery-item'>\n\t\t\t<dt class='gallery-icon landscape'>\n\t\t\t\t<a href='https:\/\/www.sonnenhof-gramais.at\/wordpress\/?attachment_id=401'><img loading=\"lazy\" decoding=\"async\" width=\"150\" height=\"150\" src=\"https:\/\/www.sonnenhof-gramais.at\/wordpress\/wp-content\/uploads\/2016\/07\/Haus-Schild-150x150.jpg\" class=\"attachment-thumbnail size-thumbnail\" alt=\"\" srcset=\"https:\/\/www.sonnenhof-gramais.at\/wordpress\/wp-content\/uploads\/2016\/07\/Haus-Schild-150x150.jpg 150w, https:\/\/www.sonnenhof-gramais.at\/wordpress\/wp-content\/uploads\/2016\/07\/Haus-Schild-100x100.jpg 100w, https:\/\/www.sonnenhof-gramais.at\/wordpress\/wp-content\/uploads\/2016\/07\/Haus-Schild-50x50.jpg 50w\" sizes=\"auto, (max-width: 150px) 100vw, 150px\" \/><\/a>\n\t\t\t<\/dt><\/dl><dl class='gallery-item'>\n\t\t\t<dt class='gallery-icon landscape'>\n\t\t\t\t<a href='https:\/\/www.sonnenhof-gramais.at\/wordpress\/?attachment_id=45'><img loading=\"lazy\" decoding=\"async\" width=\"150\" height=\"150\" src=\"https:\/\/www.sonnenhof-gramais.at\/wordpress\/wp-content\/uploads\/2016\/06\/hg_sonnenhof3-150x150.jpg\" class=\"attachment-thumbnail size-thumbnail\" alt=\"\" srcset=\"https:\/\/www.sonnenhof-gramais.at\/wordpress\/wp-content\/uploads\/2016\/06\/hg_sonnenhof3-150x150.jpg 150w, https:\/\/www.sonnenhof-gramais.at\/wordpress\/wp-content\/uploads\/2016\/06\/hg_sonnenhof3-100x100.jpg 100w, https:\/\/www.sonnenhof-gramais.at\/wordpress\/wp-content\/uploads\/2016\/06\/hg_sonnenhof3-50x50.jpg 50w\" sizes=\"auto, (max-width: 150px) 100vw, 150px\" \/><\/a>\n\t\t\t<\/dt><\/dl><br style=\"clear: both\" \/><dl class='gallery-item'>\n\t\t\t<dt class='gallery-icon landscape'>\n\t\t\t\t<a href='https:\/\/www.sonnenhof-gramais.at\/wordpress\/?attachment_id=397'><img loading=\"lazy\" decoding=\"async\" width=\"150\" height=\"150\" src=\"https:\/\/www.sonnenhof-gramais.at\/wordpress\/wp-content\/uploads\/2016\/07\/Haus_mit_Feld-150x150.jpg\" class=\"attachment-thumbnail size-thumbnail\" alt=\"\" srcset=\"https:\/\/www.sonnenhof-gramais.at\/wordpress\/wp-content\/uploads\/2016\/07\/Haus_mit_Feld-150x150.jpg 150w, https:\/\/www.sonnenhof-gramais.at\/wordpress\/wp-content\/uploads\/2016\/07\/Haus_mit_Feld-100x100.jpg 100w, https:\/\/www.sonnenhof-gramais.at\/wordpress\/wp-content\/uploads\/2016\/07\/Haus_mit_Feld-50x50.jpg 50w\" sizes=\"auto, (max-width: 150px) 100vw, 150px\" \/><\/a>\n\t\t\t<\/dt><\/dl><dl class='gallery-item'>\n\t\t\t<dt class='gallery-icon landscape'>\n\t\t\t\t<a href='https:\/\/www.sonnenhof-gramais.at\/wordpress\/?attachment_id=398'><img loading=\"lazy\" decoding=\"async\" width=\"150\" height=\"150\" src=\"https:\/\/www.sonnenhof-gramais.at\/wordpress\/wp-content\/uploads\/2016\/07\/Haus_mit_Str\u00e4uchern-150x150.jpg\" class=\"attachment-thumbnail size-thumbnail\" alt=\"\" srcset=\"https:\/\/www.sonnenhof-gramais.at\/wordpress\/wp-content\/uploads\/2016\/07\/Haus_mit_Str\u00e4uchern-150x150.jpg 150w, https:\/\/www.sonnenhof-gramais.at\/wordpress\/wp-content\/uploads\/2016\/07\/Haus_mit_Str\u00e4uchern-100x100.jpg 100w, https:\/\/www.sonnenhof-gramais.at\/wordpress\/wp-content\/uploads\/2016\/07\/Haus_mit_Str\u00e4uchern-50x50.jpg 50w\" sizes=\"auto, (max-width: 150px) 100vw, 150px\" \/><\/a>\n\t\t\t<\/dt><\/dl><dl class='gallery-item'>\n\t\t\t<dt class='gallery-icon landscape'>\n\t\t\t\t<a href='https:\/\/www.sonnenhof-gramais.at\/wordpress\/?attachment_id=408'><img loading=\"lazy\" decoding=\"async\" width=\"150\" height=\"150\" src=\"https:\/\/www.sonnenhof-gramais.at\/wordpress\/wp-content\/uploads\/2016\/07\/Haus_frontansicht_2-150x150.jpg\" class=\"attachment-thumbnail size-thumbnail\" alt=\"\" srcset=\"https:\/\/www.sonnenhof-gramais.at\/wordpress\/wp-content\/uploads\/2016\/07\/Haus_frontansicht_2-150x150.jpg 150w, https:\/\/www.sonnenhof-gramais.at\/wordpress\/wp-content\/uploads\/2016\/07\/Haus_frontansicht_2-100x100.jpg 100w, https:\/\/www.sonnenhof-gramais.at\/wordpress\/wp-content\/uploads\/2016\/07\/Haus_frontansicht_2-50x50.jpg 50w\" sizes=\"auto, (max-width: 150px) 100vw, 150px\" \/><\/a>\n\t\t\t<\/dt><\/dl><br style=\"clear: both\" \/><dl class='gallery-item'>\n\t\t\t<dt class='gallery-icon landscape'>\n\t\t\t\t<a href='https:\/\/www.sonnenhof-gramais.at\/wordpress\/?attachment_id=396'><img loading=\"lazy\" decoding=\"async\" width=\"150\" height=\"150\" src=\"https:\/\/www.sonnenhof-gramais.at\/wordpress\/wp-content\/uploads\/2016\/07\/Haus_Kugel-150x150.jpg\" class=\"attachment-thumbnail size-thumbnail\" alt=\"\" srcset=\"https:\/\/www.sonnenhof-gramais.at\/wordpress\/wp-content\/uploads\/2016\/07\/Haus_Kugel-150x150.jpg 150w, https:\/\/www.sonnenhof-gramais.at\/wordpress\/wp-content\/uploads\/2016\/07\/Haus_Kugel-100x100.jpg 100w, https:\/\/www.sonnenhof-gramais.at\/wordpress\/wp-content\/uploads\/2016\/07\/Haus_Kugel-50x50.jpg 50w\" sizes=\"auto, (max-width: 150px) 100vw, 150px\" \/><\/a>\n\t\t\t<\/dt><\/dl><dl class='gallery-item'>\n\t\t\t<dt class='gallery-icon landscape'>\n\t\t\t\t<a href='https:\/\/www.sonnenhof-gramais.at\/wordpress\/?attachment_id=389'><img loading=\"lazy\" decoding=\"async\" width=\"150\" height=\"150\" src=\"https:\/\/www.sonnenhof-gramais.at\/wordpress\/wp-content\/uploads\/2016\/07\/Haus_Winter_2-150x150.jpg\" class=\"attachment-thumbnail size-thumbnail\" alt=\"\" srcset=\"https:\/\/www.sonnenhof-gramais.at\/wordpress\/wp-content\/uploads\/2016\/07\/Haus_Winter_2-150x150.jpg 150w, https:\/\/www.sonnenhof-gramais.at\/wordpress\/wp-content\/uploads\/2016\/07\/Haus_Winter_2-100x100.jpg 100w, https:\/\/www.sonnenhof-gramais.at\/wordpress\/wp-content\/uploads\/2016\/07\/Haus_Winter_2-50x50.jpg 50w\" sizes=\"auto, (max-width: 150px) 100vw, 150px\" \/><\/a>\n\t\t\t<\/dt><\/dl><dl class='gallery-item'>\n\t\t\t<dt class='gallery-icon landscape'>\n\t\t\t\t<a href='https:\/\/www.sonnenhof-gramais.at\/wordpress\/?attachment_id=402'><img loading=\"lazy\" decoding=\"async\" width=\"150\" height=\"150\" src=\"https:\/\/www.sonnenhof-gramais.at\/wordpress\/wp-content\/uploads\/2016\/07\/Insektenhotel-150x150.jpg\" class=\"attachment-thumbnail size-thumbnail\" alt=\"\" srcset=\"https:\/\/www.sonnenhof-gramais.at\/wordpress\/wp-content\/uploads\/2016\/07\/Insektenhotel-150x150.jpg 150w, https:\/\/www.sonnenhof-gramais.at\/wordpress\/wp-content\/uploads\/2016\/07\/Insektenhotel-100x100.jpg 100w, https:\/\/www.sonnenhof-gramais.at\/wordpress\/wp-content\/uploads\/2016\/07\/Insektenhotel-50x50.jpg 50w\" sizes=\"auto, (max-width: 150px) 100vw, 150px\" \/><\/a>\n\t\t\t<\/dt><\/dl><br style=\"clear: both\" \/><dl class='gallery-item'>\n\t\t\t<dt class='gallery-icon landscape'>\n\t\t\t\t<a href='https:\/\/www.sonnenhof-gramais.at\/wordpress\/?attachment_id=399'><img loading=\"lazy\" decoding=\"async\" width=\"150\" height=\"150\" src=\"https:\/\/www.sonnenhof-gramais.at\/wordpress\/wp-content\/uploads\/2016\/07\/Haus_nach_Gramais-150x150.jpg\" class=\"attachment-thumbnail size-thumbnail\" alt=\"\" srcset=\"https:\/\/www.sonnenhof-gramais.at\/wordpress\/wp-content\/uploads\/2016\/07\/Haus_nach_Gramais-150x150.jpg 150w, https:\/\/www.sonnenhof-gramais.at\/wordpress\/wp-content\/uploads\/2016\/07\/Haus_nach_Gramais-100x100.jpg 100w, https:\/\/www.sonnenhof-gramais.at\/wordpress\/wp-content\/uploads\/2016\/07\/Haus_nach_Gramais-50x50.jpg 50w\" sizes=\"auto, (max-width: 150px) 100vw, 150px\" \/><\/a>\n\t\t\t<\/dt><\/dl><dl class='gallery-item'>\n\t\t\t<dt class='gallery-icon landscape'>\n\t\t\t\t<a href='https:\/\/www.sonnenhof-gramais.at\/wordpress\/?attachment_id=404'><img loading=\"lazy\" decoding=\"async\" width=\"150\" height=\"150\" src=\"https:\/\/www.sonnenhof-gramais.at\/wordpress\/wp-content\/uploads\/2016\/07\/nach_Gramais_2-150x150.jpg\" class=\"attachment-thumbnail size-thumbnail\" alt=\"\" srcset=\"https:\/\/www.sonnenhof-gramais.at\/wordpress\/wp-content\/uploads\/2016\/07\/nach_Gramais_2-150x150.jpg 150w, https:\/\/www.sonnenhof-gramais.at\/wordpress\/wp-content\/uploads\/2016\/07\/nach_Gramais_2-100x100.jpg 100w, https:\/\/www.sonnenhof-gramais.at\/wordpress\/wp-content\/uploads\/2016\/07\/nach_Gramais_2-50x50.jpg 50w\" sizes=\"auto, (max-width: 150px) 100vw, 150px\" \/><\/a>\n\t\t\t<\/dt><\/dl><dl class='gallery-item'>\n\t\t\t<dt class='gallery-icon landscape'>\n\t\t\t\t<a href='https:\/\/www.sonnenhof-gramais.at\/wordpress\/?attachment_id=403'><img loading=\"lazy\" decoding=\"async\" width=\"150\" height=\"150\" src=\"https:\/\/www.sonnenhof-gramais.at\/wordpress\/wp-content\/uploads\/2016\/07\/nach_Gramais-150x150.jpg\" class=\"attachment-thumbnail size-thumbnail\" alt=\"\" srcset=\"https:\/\/www.sonnenhof-gramais.at\/wordpress\/wp-content\/uploads\/2016\/07\/nach_Gramais-150x150.jpg 150w, https:\/\/www.sonnenhof-gramais.at\/wordpress\/wp-content\/uploads\/2016\/07\/nach_Gramais-100x100.jpg 100w, https:\/\/www.sonnenhof-gramais.at\/wordpress\/wp-content\/uploads\/2016\/07\/nach_Gramais-50x50.jpg 50w\" sizes=\"auto, (max-width: 150px) 100vw, 150px\" \/><\/a>\n\t\t\t<\/dt><\/dl><br style=\"clear: both\" \/><dl class='gallery-item'>\n\t\t\t<dt class='gallery-icon landscape'>\n\t\t\t\t<a href='https:\/\/www.sonnenhof-gramais.at\/wordpress\/?attachment_id=391'><img loading=\"lazy\" decoding=\"async\" width=\"150\" height=\"150\" src=\"https:\/\/www.sonnenhof-gramais.at\/wordpress\/wp-content\/uploads\/2016\/07\/Alpengloeckchen-150x150.jpg\" class=\"attachment-thumbnail size-thumbnail\" alt=\"\" srcset=\"https:\/\/www.sonnenhof-gramais.at\/wordpress\/wp-content\/uploads\/2016\/07\/Alpengloeckchen-150x150.jpg 150w, https:\/\/www.sonnenhof-gramais.at\/wordpress\/wp-content\/uploads\/2016\/07\/Alpengloeckchen-100x100.jpg 100w, https:\/\/www.sonnenhof-gramais.at\/wordpress\/wp-content\/uploads\/2016\/07\/Alpengloeckchen-50x50.jpg 50w\" sizes=\"auto, (max-width: 150px) 100vw, 150px\" \/><\/a>\n\t\t\t<\/dt><\/dl><dl class='gallery-item'>\n\t\t\t<dt class='gallery-icon landscape'>\n\t\t\t\t<a href='https:\/\/www.sonnenhof-gramais.at\/wordpress\/?attachment_id=392'><img loading=\"lazy\" decoding=\"async\" width=\"150\" height=\"150\" src=\"https:\/\/www.sonnenhof-gramais.at\/wordpress\/wp-content\/uploads\/2016\/07\/Alpenscharte-150x150.jpg\" class=\"attachment-thumbnail size-thumbnail\" alt=\"\" srcset=\"https:\/\/www.sonnenhof-gramais.at\/wordpress\/wp-content\/uploads\/2016\/07\/Alpenscharte-150x150.jpg 150w, https:\/\/www.sonnenhof-gramais.at\/wordpress\/wp-content\/uploads\/2016\/07\/Alpenscharte-100x100.jpg 100w, https:\/\/www.sonnenhof-gramais.at\/wordpress\/wp-content\/uploads\/2016\/07\/Alpenscharte-50x50.jpg 50w\" sizes=\"auto, (max-width: 150px) 100vw, 150px\" \/><\/a>\n\t\t\t<\/dt><\/dl><dl class='gallery-item'>\n\t\t\t<dt class='gallery-icon landscape'>\n\t\t\t\t<a href='https:\/\/www.sonnenhof-gramais.at\/wordpress\/?attachment_id=393'><img loading=\"lazy\" decoding=\"async\" width=\"150\" height=\"150\" src=\"https:\/\/www.sonnenhof-gramais.at\/wordpress\/wp-content\/uploads\/2016\/07\/Arnika-150x150.jpg\" class=\"attachment-thumbnail size-thumbnail\" alt=\"\" srcset=\"https:\/\/www.sonnenhof-gramais.at\/wordpress\/wp-content\/uploads\/2016\/07\/Arnika-150x150.jpg 150w, https:\/\/www.sonnenhof-gramais.at\/wordpress\/wp-content\/uploads\/2016\/07\/Arnika-100x100.jpg 100w, https:\/\/www.sonnenhof-gramais.at\/wordpress\/wp-content\/uploads\/2016\/07\/Arnika-50x50.jpg 50w\" sizes=\"auto, (max-width: 150px) 100vw, 150px\" \/><\/a>\n\t\t\t<\/dt><\/dl><br style=\"clear: both\" \/><dl class='gallery-item'>\n\t\t\t<dt class='gallery-icon landscape'>\n\t\t\t\t<a href='https:\/\/www.sonnenhof-gramais.at\/wordpress\/?attachment_id=394'><img loading=\"lazy\" decoding=\"async\" width=\"150\" height=\"150\" src=\"https:\/\/www.sonnenhof-gramais.at\/wordpress\/wp-content\/uploads\/2016\/07\/aurikel-150x150.jpg\" class=\"attachment-thumbnail size-thumbnail\" alt=\"\" srcset=\"https:\/\/www.sonnenhof-gramais.at\/wordpress\/wp-content\/uploads\/2016\/07\/aurikel-150x150.jpg 150w, https:\/\/www.sonnenhof-gramais.at\/wordpress\/wp-content\/uploads\/2016\/07\/aurikel-100x100.jpg 100w, https:\/\/www.sonnenhof-gramais.at\/wordpress\/wp-content\/uploads\/2016\/07\/aurikel-50x50.jpg 50w\" sizes=\"auto, (max-width: 150px) 100vw, 150px\" \/><\/a>\n\t\t\t<\/dt><\/dl><dl class='gallery-item'>\n\t\t\t<dt class='gallery-icon landscape'>\n\t\t\t\t<a href='https:\/\/www.sonnenhof-gramais.at\/wordpress\/?attachment_id=395'><img loading=\"lazy\" decoding=\"async\" width=\"150\" height=\"150\" src=\"https:\/\/www.sonnenhof-gramais.at\/wordpress\/wp-content\/uploads\/2016\/07\/Beinwell-150x150.jpg\" class=\"attachment-thumbnail size-thumbnail\" alt=\"\" srcset=\"https:\/\/www.sonnenhof-gramais.at\/wordpress\/wp-content\/uploads\/2016\/07\/Beinwell-150x150.jpg 150w, https:\/\/www.sonnenhof-gramais.at\/wordpress\/wp-content\/uploads\/2016\/07\/Beinwell-100x100.jpg 100w, https:\/\/www.sonnenhof-gramais.at\/wordpress\/wp-content\/uploads\/2016\/07\/Beinwell-50x50.jpg 50w\" sizes=\"auto, (max-width: 150px) 100vw, 150px\" \/><\/a>\n\t\t\t<\/dt><\/dl><dl class='gallery-item'>\n\t\t\t<dt class='gallery-icon landscape'>\n\t\t\t\t<a href='https:\/\/www.sonnenhof-gramais.at\/wordpress\/?attachment_id=405'><img loading=\"lazy\" decoding=\"async\" width=\"150\" height=\"150\" src=\"https:\/\/www.sonnenhof-gramais.at\/wordpress\/wp-content\/uploads\/2016\/07\/Spinnennetz-150x150.jpg\" class=\"attachment-thumbnail size-thumbnail\" alt=\"\" srcset=\"https:\/\/www.sonnenhof-gramais.at\/wordpress\/wp-content\/uploads\/2016\/07\/Spinnennetz-150x150.jpg 150w, https:\/\/www.sonnenhof-gramais.at\/wordpress\/wp-content\/uploads\/2016\/07\/Spinnennetz-100x100.jpg 100w, https:\/\/www.sonnenhof-gramais.at\/wordpress\/wp-content\/uploads\/2016\/07\/Spinnennetz-50x50.jpg 50w\" sizes=\"auto, (max-width: 150px) 100vw, 150px\" \/><\/a>\n\t\t\t<\/dt><\/dl><br style=\"clear: both\" \/>\n\t\t<\/div>\n\n<p>&nbsp;<\/p>\n<hr \/>\n<p>https:\/\/www.youtube.com\/watch?v=T_r3osVBbr8<\/p>\n<hr \/>\n<div class=\"su-gmap su-u-responsive-media-yes\"><iframe loading=\"lazy\" width=\"600\" height=\"400\" src=\"\/\/maps.google.com\/maps?q=6650%20Gramais%2C%20Gramais%2018&amp;output=embed\" title=\"\"><\/iframe><\/div>\n","protected":false},"excerpt":{"rendered":"<p>Das einzeln stehende wundersch\u00f6ne Bauernhaus steht inmitten einer urspr\u00fcnglichen Natur in Weiler Riefen kurz vor Gramais. Unser Haus ist ein Nichtraucherhaus. Die zwei Ferienwohnungen sind f\u00fcr 4 bzw. 5 Personen geeignet. Beide Einheiten besitzen eine Dusche, WC, Zentralheizung, Farbfernseher und Internetzugang. Der Balkon l\u00e4dt zum Morgenkaffee ein und erlaubt einen herrlichen Blick in den gepflegten [&hellip;]<\/p>\n","protected":false},"author":1,"featured_media":0,"parent":0,"menu_order":0,"comment_status":"closed","ping_status":"closed","template":"page-full-width.php","meta":{"footnotes":""},"class_list":["post-191","page","type-page","status-publish","hentry"],"_links":{"self":[{"href":"https:\/\/www.sonnenhof-gramais.at\/wordpress\/index.php?rest_route=\/wp\/v2\/pages\/191","targetHints":{"allow":["GET"]}}],"collection":[{"href":"https:\/\/www.sonnenhof-gramais.at\/wordpress\/index.php?rest_route=\/wp\/v2\/pages"}],"about":[{"href":"https:\/\/www.sonnenhof-gramais.at\/wordpress\/index.php?rest_route=\/wp\/v2\/types\/page"}],"author":[{"embeddable":true,"href":"https:\/\/www.sonnenhof-gramais.at\/wordpress\/index.php?rest_route=\/wp\/v2\/users\/1"}],"replies":[{"embeddable":true,"href":"https:\/\/www.sonnenhof-gramais.at\/wordpress\/index.php?rest_route=%2Fwp%2Fv2%2Fcomments&post=191"}],"version-history":[{"count":24,"href":"https:\/\/www.sonnenhof-gramais.at\/wordpress\/index.php?rest_route=\/wp\/v2\/pages\/191\/revisions"}],"predecessor-version":[{"id":502,"href":"https:\/\/www.sonnenhof-gramais.at\/wordpress\/index.php?rest_route=\/wp\/v2\/pages\/191\/revisions\/502"}],"wp:attachment":[{"href":"https:\/\/www.sonnenhof-gramais.at\/wordpress\/index.php?rest_route=%2Fwp%2Fv2%2Fmedia&parent=191"}],"curies":[{"name":"wp","href":"https:\/\/api.w.org\/{rel}","templated":true}]}}