{"id":223,"date":"2016-07-24T11:19:49","date_gmt":"2016-07-24T09:19:49","guid":{"rendered":"http:\/\/www.sonnenhof-gramais.at\/wordpress\/?page_id=223"},"modified":"2026-01-17T18:34:55","modified_gmt":"2026-01-17T17:34:55","slug":"preise","status":"publish","type":"page","link":"https:\/\/www.sonnenhof-gramais.at\/wordpress\/?page_id=223","title":{"rendered":"Preise"},"content":{"rendered":"<p><img loading=\"lazy\" decoding=\"async\" class=\"alignnone size-full wp-image-422\" src=\"http:\/\/www.sonnenhof-gramais.at\/wordpress\/wp-content\/uploads\/2016\/07\/haus.jpg\" alt=\"haus\" width=\"960\" height=\"350\" srcset=\"https:\/\/www.sonnenhof-gramais.at\/wordpress\/wp-content\/uploads\/2016\/07\/haus.jpg 960w, https:\/\/www.sonnenhof-gramais.at\/wordpress\/wp-content\/uploads\/2016\/07\/haus-300x109.jpg 300w, https:\/\/www.sonnenhof-gramais.at\/wordpress\/wp-content\/uploads\/2016\/07\/haus-768x280.jpg 768w, https:\/\/www.sonnenhof-gramais.at\/wordpress\/wp-content\/uploads\/2016\/07\/haus-220x80.jpg 220w\" sizes=\"auto, (max-width: 960px) 100vw, 960px\" \/><\/p>\n<p><strong>Alle Preise sind Tagespreise und beinhalten\u00a0Wasser, Strom, Hand- und Badet\u00fccher, Bettw\u00e4sche, Parkplatz Aufenthaltsabgaben (Kurtaxe) und WLAN.<br \/>\nDie Preise gelten ab 1.1.2026.<\/strong><\/p>\n<hr \/>\n<h4><\/h4>\n<h4><strong>F\u00fcr beide\u00a0Ferienwohnungen gelten folgende Preise:<\/strong><\/h4>\n<p>Bei 2 Personen: 46,00 \u20ac<br \/>\njede weitere Person: 13,00 \u20ac<br \/>\nKinder bis 10 Jahre: 8,00 \u20ac<br \/>\nKinder bis 3 Jahre: frei<\/p>\n<hr \/>\n<h4><\/h4>\n<h4><strong>Sonstige Kosten:<\/strong><\/h4>\n<p>Zusatzkosten bei Kurzaufenthalten (bis 3 Tage) pro Person: 8,00 \u20ac (einmalig)<br \/>\nHeizungskosten Wohnung pro Tag: 9,00 \u20ac<br \/>\nHaustiere Wohnung\/Tag: 10,00 \u20ac<br \/>\nEndreinigung: ab 40,00 \u20ac<br \/>\nOrtstaxe: 2,60 \u20ac\/pro Person\/pro Nacht ab dem 15. Lebensjahr<\/p>\n<hr \/>\n<p>Reservierungen fixieren wir ausschlie\u00dflich nach <strong>Anzahlung<\/strong> i.d.H.v. 33% des Gesamtpreises.\u00a0Unsere <strong>Stornobedingungen<\/strong> k\u00f6nnen Sie <a href=\"http:\/\/www.sonnenhof-gramais.at\/wordpress\/?page_id=252\"><strong>hier<\/strong><\/a> aufrufen.<br \/>\n<span style=\"font-size: revert; color: initial; font-family: -apple-system, BlinkMacSystemFont, 'Segoe UI', Roboto, Oxygen-Sans, Ubuntu, Cantarell, 'Helvetica Neue', sans-serif;\">Bei <\/span><u style=\"font-size: revert; color: initial; font-family: -apple-system, BlinkMacSystemFont, 'Segoe UI', Roboto, Oxygen-Sans, Ubuntu, Cantarell, 'Helvetica Neue', sans-serif;\">fr\u00fcherer Abreise<\/u><span style=\"font-size: revert; color: initial; font-family: -apple-system, BlinkMacSystemFont, 'Segoe UI', Roboto, Oxygen-Sans, Ubuntu, Cantarell, 'Helvetica Neue', sans-serif;\"> m\u00fcssen wir Ihnen leider einen Preis mit <\/span><u style=\"font-size: revert; color: initial; font-family: -apple-system, BlinkMacSystemFont, 'Segoe UI', Roboto, Oxygen-Sans, Ubuntu, Cantarell, 'Helvetica Neue', sans-serif;\">100%<\/u><span style=\"font-size: revert; color: initial; font-family: -apple-system, BlinkMacSystemFont, 'Segoe UI', Roboto, Oxygen-Sans, Ubuntu, Cantarell, 'Helvetica Neue', sans-serif;\"> am Tag verrechnen. Ausgenommen nichterbrachte Leistungen, z.b. Ortstaxe<\/span><\/p>\n<p><strong><span style=\"color: #ff9900;\">\u00a0Kreditk<\/span><span style=\"color: #ff9900;\">artenzahlung nicht m\u00f6glich.<\/span><\/strong><\/p>\n","protected":false},"excerpt":{"rendered":"<p>Alle Preise sind Tagespreise und beinhalten\u00a0Wasser, Strom, Hand- und Badet\u00fccher, Bettw\u00e4sche, Parkplatz Aufenthaltsabgaben (Kurtaxe) und WLAN. Die Preise gelten ab 1.1.2026. F\u00fcr beide\u00a0Ferienwohnungen gelten folgende Preise: Bei 2 Personen: 46,00 \u20ac jede weitere Person: 13,00 \u20ac Kinder bis 10 Jahre: 8,00 \u20ac Kinder bis 3 Jahre: frei Sonstige Kosten: Zusatzkosten bei Kurzaufenthalten (bis 3 Tage) [&hellip;]<\/p>\n","protected":false},"author":1,"featured_media":0,"parent":0,"menu_order":0,"comment_status":"closed","ping_status":"closed","template":"page-full-width.php","meta":{"footnotes":""},"class_list":["post-223","page","type-page","status-publish","hentry"],"_links":{"self":[{"href":"https:\/\/www.sonnenhof-gramais.at\/wordpress\/index.php?rest_route=\/wp\/v2\/pages\/223","targetHints":{"allow":["GET"]}}],"collection":[{"href":"https:\/\/www.sonnenhof-gramais.at\/wordpress\/index.php?rest_route=\/wp\/v2\/pages"}],"about":[{"href":"https:\/\/www.sonnenhof-gramais.at\/wordpress\/index.php?rest_route=\/wp\/v2\/types\/page"}],"author":[{"embeddable":true,"href":"https:\/\/www.sonnenhof-gramais.at\/wordpress\/index.php?rest_route=\/wp\/v2\/users\/1"}],"replies":[{"embeddable":true,"href":"https:\/\/www.sonnenhof-gramais.at\/wordpress\/index.php?rest_route=%2Fwp%2Fv2%2Fcomments&post=223"}],"version-history":[{"count":36,"href":"https:\/\/www.sonnenhof-gramais.at\/wordpress\/index.php?rest_route=\/wp\/v2\/pages\/223\/revisions"}],"predecessor-version":[{"id":515,"href":"https:\/\/www.sonnenhof-gramais.at\/wordpress\/index.php?rest_route=\/wp\/v2\/pages\/223\/revisions\/515"}],"wp:attachment":[{"href":"https:\/\/www.sonnenhof-gramais.at\/wordpress\/index.php?rest_route=%2Fwp%2Fv2%2Fmedia&parent=223"}],"curies":[{"name":"wp","href":"https:\/\/api.w.org\/{rel}","templated":true}]}}

<p><img loading="lazy" decoding="async" class="alignnone size-full wp-image-422" src="http://www.sonnenhof-gramais.at/wordpress/wp-content/uploads/2016/07/haus.jpg" alt="haus" width="960" height="350" srcset="https://www.sonnenhof-gramais.at/wordpress/wp-content/uploads/2016/07/haus.jpg 960w, https://www.sonnenhof-gramais.at/wordpress/wp-content/uploads/2016/07/haus-300x109.jpg 300w, https://www.sonnenhof-gramais.at/wordpress/wp-content/uploads/2016/07/haus-768x280.jpg 768w, https://www.sonnenhof-gramais.at/wordpress/wp-content/uploads/2016/07/haus-220x80.jpg 220w" sizes="auto, (max-width: 960px) 100vw, 960px" /></p>
<p><strong>Alle Preise sind Tagespreise und beinhalten Wasser, Strom, Hand- und Badetücher, Bettwäsche, Parkplatz Aufenthaltsabgaben (Kurtaxe) und WLAN.<br />
Die Preise gelten ab 1.1.2026.</strong></p>
<hr />
<h4></h4>
<h4><strong>Für beide Ferienwohnungen gelten folgende Preise:</strong></h4>
<p>Bei 2 Personen: 46,00 €<br />
jede weitere Person: 13,00 €<br />
Kinder bis 10 Jahre: 8,00 €<br />
Kinder bis 3 Jahre: frei</p>
<hr />
<h4></h4>
<h4><strong>Sonstige Kosten:</strong></h4>
<p>Zusatzkosten bei Kurzaufenthalten (bis 3 Tage) pro Person: 8,00 € (einmalig)<br />
Heizungskosten Wohnung pro Tag: 9,00 €<br />
Haustiere Wohnung/Tag: 10,00 €<br />
Endreinigung: ab 40,00 €<br />
Ortstaxe: 2,60 €/pro Person/pro Nacht ab dem 15. Lebensjahr</p>
<hr />
<p>Reservierungen fixieren wir ausschließlich nach <strong>Anzahlung</strong> i.d.H.v. 33% des Gesamtpreises. Unsere <strong>Stornobedingungen</strong> können Sie <a href="http://www.sonnenhof-gramais.at/wordpress/?page_id=252"><strong>hier</strong></a> aufrufen.<br />
<span style="font-size: revert; color: initial; font-family: -apple-system, BlinkMacSystemFont, 'Segoe UI', Roboto, Oxygen-Sans, Ubuntu, Cantarell, 'Helvetica Neue', sans-serif;">Bei </span><u style="font-size: revert; color: initial; font-family: -apple-system, BlinkMacSystemFont, 'Segoe UI', Roboto, Oxygen-Sans, Ubuntu, Cantarell, 'Helvetica Neue', sans-serif;">früherer Abreise</u><span style="font-size: revert; color: initial; font-family: -apple-system, BlinkMacSystemFont, 'Segoe UI', Roboto, Oxygen-Sans, Ubuntu, Cantarell, 'Helvetica Neue', sans-serif;"> müssen wir Ihnen leider einen Preis mit </span><u style="font-size: revert; color: initial; font-family: -apple-system, BlinkMacSystemFont, 'Segoe UI', Roboto, Oxygen-Sans, Ubuntu, Cantarell, 'Helvetica Neue', sans-serif;">100%</u><span style="font-size: revert; color: initial; font-family: -apple-system, BlinkMacSystemFont, 'Segoe UI', Roboto, Oxygen-Sans, Ubuntu, Cantarell, 'Helvetica Neue', sans-serif;"> am Tag verrechnen. Ausgenommen nichterbrachte Leistungen, z.b. Ortstaxe</span></p>
<p><strong><span style="color: #ff9900;"> Kreditk</span><span style="color: #ff9900;">artenzahlung nicht möglich.</span></strong></p>

<p>Alle Preise sind Tagespreise und beinhalten Wasser, Strom, Hand- und Badetücher, Bettwäsche, Parkplatz Aufenthaltsabgaben (Kurtaxe) und WLAN. Die Preise gelten ab 1.1.2026. Für beide Ferienwohnungen gelten folgende Preise: Bei 2 Personen: 46,00 € jede weitere Person: 13,00 € Kinder bis 10 Jahre: 8,00 € Kinder bis 3 Jahre: frei Sonstige Kosten: Zusatzkosten bei Kurzaufenthalten (bis 3 Tage) [&hellip;]</p>
