{"id":261,"date":"2016-07-24T17:00:42","date_gmt":"2016-07-24T15:00:42","guid":{"rendered":"http:\/\/www.sonnenhof-gramais.at\/wordpress\/?page_id=261"},"modified":"2016-07-24T17:02:00","modified_gmt":"2016-07-24T15:02:00","slug":"interessante-links","status":"publish","type":"page","link":"https:\/\/www.sonnenhof-gramais.at\/wordpress\/?page_id=261","title":{"rendered":"Interessante Links"},"content":{"rendered":"<p><a href=\"http:\/\/hinterstein.at\" target=\"_blank\">Bergschule Lechtal<\/a><\/p>\n<p><a href=\"http:\/\/www.alpenblumen.net\" target=\"_blank\">Alpenblumen<\/a><\/p>\n<p><a href=\"http:\/\/www.lechtal.at\/dienaturparkregionlechtal\/lechtalerkultur-undnaturerlebn\/holzgauer-haengebruecke.html\" target=\"_blank\">H\u00e4ngebr\u00fccke Holzgau<\/a><\/p>\n<p><a href=\"http:\/\/www.naturpark-tiroler-lech.at\/naturpark-tiroler-lech\/naturparkhaus.html\" target=\"_blank\">Naturparkhaus<\/a><\/p>\n<p><a href=\"http:\/\/www.geierwally.at\/\" target=\"_blank\">Geierwally-B\u00fchne<\/a><\/p>\n<p><a href=\"https:\/\/www.alpentherme-ehrenberg.at\/\" target=\"_blank\">Alpentherme Ehrenberg<\/a><\/p>\n<p><a href=\"http:\/\/www.lechtal.at\" target=\"_blank\">lechtal.at<\/a><\/p>\n","protected":false},"excerpt":{"rendered":"<p>Bergschule Lechtal Alpenblumen H\u00e4ngebr\u00fccke Holzgau Naturparkhaus Geierwally-B\u00fchne Alpentherme Ehrenberg lechtal.at<\/p>\n","protected":false},"author":1,"featured_media":0,"parent":0,"menu_order":0,"comment_status":"closed","ping_status":"closed","template":"page-full-width.php","meta":{"footnotes":""},"class_list":["post-261","page","type-page","status-publish","hentry"],"_links":{"self":[{"href":"https:\/\/www.sonnenhof-gramais.at\/wordpress\/index.php?rest_route=\/wp\/v2\/pages\/261","targetHints":{"allow":["GET"]}}],"collection":[{"href":"https:\/\/www.sonnenhof-gramais.at\/wordpress\/index.php?rest_route=\/wp\/v2\/pages"}],"about":[{"href":"https:\/\/www.sonnenhof-gramais.at\/wordpress\/index.php?rest_route=\/wp\/v2\/types\/page"}],"author":[{"embeddable":true,"href":"https:\/\/www.sonnenhof-gramais.at\/wordpress\/index.php?rest_route=\/wp\/v2\/users\/1"}],"replies":[{"embeddable":true,"href":"https:\/\/www.sonnenhof-gramais.at\/wordpress\/index.php?rest_route=%2Fwp%2Fv2%2Fcomments&post=261"}],"version-history":[{"count":3,"href":"https:\/\/www.sonnenhof-gramais.at\/wordpress\/index.php?rest_route=\/wp\/v2\/pages\/261\/revisions"}],"predecessor-version":[{"id":264,"href":"https:\/\/www.sonnenhof-gramais.at\/wordpress\/index.php?rest_route=\/wp\/v2\/pages\/261\/revisions\/264"}],"wp:attachment":[{"href":"https:\/\/www.sonnenhof-gramais.at\/wordpress\/index.php?rest_route=%2Fwp%2Fv2%2Fmedia&parent=261"}],"curies":[{"name":"wp","href":"https:\/\/api.w.org\/{rel}","templated":true}]}}

<p><a href="http://hinterstein.at" target="_blank">Bergschule Lechtal</a></p>
<p><a href="http://www.alpenblumen.net" target="_blank">Alpenblumen</a></p>
<p><a href="http://www.lechtal.at/dienaturparkregionlechtal/lechtalerkultur-undnaturerlebn/holzgauer-haengebruecke.html" target="_blank">Hängebrücke Holzgau</a></p>
<p><a href="http://www.naturpark-tiroler-lech.at/naturpark-tiroler-lech/naturparkhaus.html" target="_blank">Naturparkhaus</a></p>
<p><a href="http://www.geierwally.at/" target="_blank">Geierwally-Bühne</a></p>
<p><a href="https://www.alpentherme-ehrenberg.at/" target="_blank">Alpentherme Ehrenberg</a></p>
<p><a href="http://www.lechtal.at" target="_blank">lechtal.at</a></p>

<p>Bergschule Lechtal Alpenblumen Hängebrücke Holzgau Naturparkhaus Geierwally-Bühne Alpentherme Ehrenberg lechtal.at</p>
